(3/2)). Suppose s*q = -2 + 4. Let w(p) = -7*p**3 + 2*p**2 - 1. Determine w(q).
-6
Let u(i) = i**2 + 7*i + 5. Let y be 2*(-14)/4 + 2. Calculate u(y).
-5
Let k(y) = y**3 - 8*y**2 + 6*y + 4. Let s be k(7). Let z = 1 + s. Let q = 4 + z. Let a(j) = 2*j**2 + 1. Determine a(q).
9
Let g(u) = u**2 + u - 2. Let n be g(-3). Let a(m) = -m**2 + m - m**3 - 3*m + 0*m**3 + 5*m**2 + 6. Give a(n).
-2
Suppose 3*q + b - 6 = -b, -4*q = -b - 19. Suppose q*a = w, 0*w = -4*a - 4*w. Let y(p) = -2*p**3 + p + 6*p**2 - 4*p**2 + a*p. Determine y(2).
-6
Let k be ((-10)/4)/(2/(-4)). Suppose -5*u + 7 - 2 = k*h, 25 = 5*h - 5*u. Let f = -8 + h. Let s(o) = -o**3 - 4*o**2 + 3*o - 2. Calculate s(f).
8
Let l(x) = -x**2 + 6*x - 3. Let o be 4/12*-3 + 5. Give l(o).
5
Let q = 4 - 6. Let y = 2 + q. Let n(x) = -7*x - 2*x - x + 9*x - x**3. Calculate n(y).
0
Suppose -9*m + 6 + 12 = 0. Let s(c) be the first derivative of 4 + 3*c + 3*c**m + 1/3*c**3. What is s(-4)?
-5
Let d(i) = -i**3 - 2*i + 0*i + 188 + 4*i**2 - 184. Determine d(4).
-4
Let p(r) = -r**2 + r - 5. Suppose -2*g - 3*f + 6 = 0, -4*g + 4*f + 3 = 11. Give p(g).
-5
Suppose 2*r = -3*r + 205. Let y be 15/(-20) - r/4. Let i(h) = -7*h + 11. Let a(l) = 4*l - 6. Let o(m) = y*a(m) - 6*i(m). Give o(1).
-2
Let p(g) = -g - 3. Suppose -r - 3*i = -10, 4*i - 2*i = 4*r + 2. Let c(o) = 3*o**2 + o**3 + 2*o - 7*o**2 + r + 0*o**2. Let m be c(2). Give p(m).
0
Suppose 5*j = 4*k + j - 44, 5*j = -2*k - 6. Let d(r) = 3*r - 8. Give d(k).
13
Let h(y) = -5*y - 2*y + 2*y - 3. Let g(n) = n**3 - 2*n**2 - 2*n + 1. Let p be g(2). Let w(x) = x + 1. Let b be w(p). Determine h(b).
7
Suppose 5*p = 5*b - 10*b + 90, -4*b = 2*p - 28. Let s be (-39)/33 - (-4)/p. Let d(w) = -w**2 + 2*w + 1. Determine d(s).
-2
Let d(i) be the first derivative of 0*i**3 - 5/4*i**4 - 2 + i + i**2. Let l(k) = k**2 - 6*k - 1. Let f be l(6). What is d(f)?
4
Let p(u) = -2*u**2 - 3*u - 1. Let m be (-10)/(-8)*1*4. Let x = m + -4. Let d be (-2)/x - 0 - 0. Calculate p(d).
-3
Let g(c) = -5*c + 1. Suppose 2*i = -2*i - 36. Let h(l) = l**2 + 11*l + 12. Let k be h(i). Let j = -5 - k. What is g(j)?
-4
Let o(l) = -l**3 + 4*l**2 + 4*l - 1. Suppose 15 = s + 2*s. Let x(f) = f. Let t be x(s). Determine o(t).
-6
Suppose -3*l - 4 = l + h, 5*l - 2*h = -5. Let z(j) = -5*j - 1. Calculate z(l).
4
Suppose 2 = -2*p + 12. Let d(k) = 4*k + 2. Let m(u) = -5*u - 1. Let h(c) = -c**3 + 4*c**2 - 3. Let x be h(3). Let i(o) = p*m(o) + x*d(o). What is i(5)?
2
Let p(v) be the second derivative of v**4/12 - v**3 + 2*v**2 + 2*v + 3. Give p(6).
4
Let r(j) = -4*j + 5. Let q(v) = -2*v + 2. Let k(u) = -9*q(u) + 4*r(u). Give k(-3).
-4
Let h(y) = 2*y**3 - 13*y**2 - 10*y + 20. Let n be h(7). Let v(d) = -7*d**3 - 2*d**2 - d. Give v(n).
6
Suppose r + 4*r + 20 = 4*u, 0 = u + 3*r + 12. Suppose z - 6 = -0*z + v, -z = -4*v - 21. Let m(w) = z - w**2 + 3*w - 3*w. Determine m(u).
1
Let g(k) = -k**2 - k - 1. Let j(i) = 3*i**2 + 14*i + 15. Let z(u) = 2*g(u) + j(u). Let r be z(-11). Let w(s) = -s**3 - 1 - s - r - 3*s**2 - 3*s. What is w(-2)?
1
Suppose 0 = k - 4 - 1. Let o(m) = -m + 7. Let f be o(k). Let l(i) be the second derivative of i**4/12 + i**3/2 - 3*i**2/2 - i. What is l(f)?
7
Suppose -2*f - 2*g - 10 = -0*g, -4*g = -3*f - 1. Let d = f + 6. Suppose 5*i - d*b - 15 = 0, -7*b - 25 = -3*i - 2*b. Let n(t) = t**2 - 4. What is n(i)?
-4
Let j(d) be the second derivative of -d**2 - 2*d - 1/3*d**3 + 0. Suppose 13 - 23 = 5*p. Give j(p).
2
Let z(m) = -4*m + 10. Let t(k) = -4*k + 11. Let g(v) = 3*t(v) - 4*z(v). Give g(5).
13
Suppose 2*t - 7*j + 6*j - 14 = 0, 3*t + 4*j - 10 = 0. Let a(b) = -b**3 + 6*b**2 + b + 8. Calculate a(t).
14
Let l(s) = s**2 + 6*s + 3. Let i be l(-6). Suppose 0*o + i*o = 63. Let w = 15 - o. Let j(h) = -h**3 - 7*h**2 - 5*h + 2. What is j(w)?
-4
Let t(s) = s**2 - 2 + 1 + 4*s + 0*s. Let i(m) = -m - 1. Let z be i(-9). Let b = -12 + z. Calculate t(b).
-1
Let l(y) = -y + 80 - 40 - 41. Suppose -5*t + 5*b - 43 = 7, -2*t - 28 = -4*b. What is l(t)?
5
Let x(p) = p**2 - 7*p + 8. Let c be x(6). Suppose -3 = 3*a - c*a. Let h(j) be the first derivative of j**3/3 + j**2/2 - j + 60. What is h(a)?
5
Let f(a) be the third derivative of -a**6/120 - a**5/20 - a**4/24 + a**3/6 + 2*a**2. Suppose 2*h + 2*g + 2 = 0, 0*h - 5*g + 9 = -2*h. What is f(h)?
-1
Let p(z) = 5*z**3 + 7*z**3 - 11*z**3 - 7. Determine p(0).
-7
Let w(d) = -2 - d + 4*d + 3. Let y = -12 - -11. Calculate w(y).
-2
Let b(a) = -a**3 - 4*a**2 + 8*a + 8. Let u(h) = 2*h**3 + 8*h**2 - 17*h - 17. Let z(x) = 5*b(x) + 2*u(x). Let w be (-2)/2*(-5)/(-1). Calculate z(w).
1
Let x(w) = -w**2 + 8*w + 5. Suppose 0 = -3*y + 15, 17 = -2*c + 3*y + 2*y. Calculate x(c).
21
Let c(g) be the first derivative of -g**4/24 - g**2/2 + 3. Let v(b) be the second derivative of c(b). What is v(2)?
-2
Let o(l) = 3*l**2 + 4. Let w(n) = -16*n**2 - 21. Let z(m) = -11*o(m) - 2*w(m). Suppose -2*a = -a. Give z(a).
-2
Let a(d) = 5*d - 3*d**3 + 4*d**3 - 3*d**3 + 3*d**3 + 5*d**2. Determine a(-4).
-4
Let f(m) = 2*m**2 + 15*m + 15. Let t be 1/(-4) - 15/4. Let j = -3 + t. Let x(u) = u**2 + 8*u + 8. Let l(p) = j*x(p) + 4*f(p). What is l(-4)?
4
Suppose 0*w - w = -2. Let j(a) = -a**2 - 3 + 2*a - 3 - w + 4. Let x be (-407)/(-143) + 2/13. Determine j(x).
-7
Suppose -6 = 5*t + 29. Let d(r) = r**3 + 6*r**2 - 7*r - 4. Calculate d(t).
-4
Let m(v) = 2*v**3 + 2 - v**3 - v**2 + 3*v + 5*v**2. Suppose 10 = -p + 2*j, 3*p + p = j - 19. Determine m(p).
-10
Let t = -66 - -59. Let r(p) = p**3 + 8*p**2 + 8*p - 6. Give r(t).
-13
Let c(p) = -2*p - p**3 + 2*p - 4*p**2 - 5. Let h(s) = s**2 + 8*s + 5. Let z be h(-8). Suppose -z = 2*x + 3*m, 4*x + 5*m = -4 - 7. What is c(x)?
-5
Let j = 3 + 1. Let t(h) = h**2 - 5*h - 3. Calculate t(j).
-7
Let f be 2*-1 - (-2 - 5). Suppose 3*d + 3 = 0, -f*d + 8*d = s - 8. Let c(i) = i + i**2 + 1 - s*i + 0. Calculate c(5).
6
Let t(o) be the second derivative of o**4/4 + 2*o**3/3 + o**2 + 16*o. Let k be 0 + 2 - 2*2. What is t(k)?
6
Suppose 13 + 2 = -3*d. Let s(k) be the second derivative of -k**3/2 - 7*k**2/2 + 25*k. Calculate s(d).
8
Suppose -4*q - 1 = -13. Let a(d) = 5 - 3 - 4 - 2*d. Give a(q).
-8
Let p(y) be the third derivative of -1/12*y**5 - 1/24*y**4 + 0*y + 0*y**3 - 1/120*y**6 - y**2 + 0. Calculate p(-5).
5
Let h(u) = u**2 - 5*u + 3. Let y(s) = -s**3 + 4*s**2 + 2*s - 2. Let p be y(3). Let j = p + -8. Suppose 0 = -d + 5*x + 25, 6*d - 2*d + j*x = 0. Give h(d).
3
Let h(k) be the second derivative of k**3/6 + 3*k**2/2 - 27*k. Let u(a) = -a**3 + 2*a**2 - a - 1. Let n be u(2). Calculate h(n).
0
Let w be 2 - 2 - 75/(-3). Suppose 1 - w = 4*i. Let o(n) = -n**2 - 8*n - 9. Calculate o(i).
3
Let j = -2 + 5. Suppose j*g = g + 10. Let k(f) = 4*f - f**2 - g*f + 4 + 2*f. Calculate k(4).
-8
Let z(l) = 4*l + 7. Let j be z(-3). Let q be ((-10)/3)/(2/(-3)). Let m be (-2)/j - (-23)/q. Let f(o) = o - 9. What is f(m)?
-4
Let s(l) = 60*l**2. Let c(d) = -d**2. Let a(o) = 80*c(o) + s(o). Determine a(-1).
-20
Let i(m) = 0*m**2 + 8 - m**2 - m + m. Calculate i(0).
8
Let m(x) = -2*x. Let r = -4 + 7. Let s(z) = 0*z**3 + r - 2*z - 3*z**3 + 2*z**3 - 5*z**2. Let t be s(-4). Calculate m(t).
10
Let c = -63 + 66. Let l(v) = -10*v + 3. Give l(c).
-27
Let h(d) = -2*d**2. Let i(s) = s**2 + 1. Let y(a) = 2*h(a) + 3*i(a). Let p = -5 + 2. Give y(p).
-6
Let q(z) = -2*z**2 - 4*z - 4. Suppose 0 = -5*n + 1 - 16. Calculate q(n).
-10
Let w(n) be the second derivative of n**4/12 + 5*n**3/6 + 3*n**2/2 + 2*n. Suppose -r - 29 = 4*j, -j + 3*j - 3*r = 3. Calculate w(j).
9
Let u(i) be the third derivative of i**5/20 - i**4/6 - i**3/6 + 10*i**2. Give u(3).
14
Suppose 0*u - 2 = -2*u. Suppose 5 = -v + u. Let c(x) = -x**3 - 2*x**2 + 4*x - 5. Determine c(v).
11
Suppose 2*g = -4*z + 2, -2*z - 3*g - 8 - 1 = 0. Let l(b) be the first derivative of 3*b + 5/3*b**3 - z*b**2 - 1/4*b**4 - 2. Determine l(4).
-5
Let g be 2 - 2 - -2 - -1. Let c(u) = -4*u**2 - 3*u**3 + 0 + 1 + 2*u**3 + g*u. Let b = 171 + -175. Give c(b).
-11
Let p(s) = -s**3 - 3*s**2 - 5*s - 4. Let x(y) = 3*y**3 - 6*y**2 - 3 + y**3 + 0 + 5*y - 3*y**3. Let j be x(5). Give p(j).
11
Let q(i) = -i + 4. Let t = 39 - 27. Suppose 5*g - 13 - t = -5*j, 0 = 3*j - 4*g + 20. Give q(j).
4
Let w(t) = t**2 + 34 - 15 + 0*t - 11*t - 11. Calculate w(6).
-22
Suppose -3 = -4*d + 5*x, -5*d + x - 11 - 1 = 0. Let m(k) be the first derivative of -k*